r?
True
Is 235661 a prime number?
True
Is 60862 a composite number?
True
Is 94709 composite?
False
Is 180413 prime?
True
Is 33889 a composite number?
False
Is 4391 a prime number?
True
Is 183683 a prime number?
True
Is 1066847 a prime number?
True
Is 38509 a prime number?
False
Is 43223 a prime number?
True
Is 21433 composite?
False
Is 360089 composite?
False
Is 438749 a composite number?
True
Is 34971 a prime number?
False
Is 48767 composite?
False
Is 1556069 composite?
False
Is 118497 prime?
False
Is 5273 composite?
False
Is 40569 a composite number?
True
Is 476693 a composite number?
True
Is 52807 a prime number?
True
Is 6587 prime?
False
Is 6469 composite?
False
Is 387613 a composite number?
False
Is 820337 a composite number?
True
Is 110161 composite?
False
Is 180935 a prime number?
False
Is 130811 a prime number?
True
Is 3607 a prime number?
True
Is 12671 prime?
True
Is 160397 a composite number?
False
Is 2481587 a composite number?
True
Is 9038 a composite number?
True
Is 12941 a prime number?
True
Is 15863 composite?
True
Is 33809 prime?
True
Is 1843 a composite number?
True
Is 1411349 prime?
False
Is 6197 composite?
False
Is 27893 composite?
False
Is 4861 a composite number?
False
Is 22429 a composite number?
True
Is 926863 prime?
False
Is 22937 composite?
False
Is 179329 composite?
True
Is 240599 prime?
True
Is 10963 composite?
True
Is 13093 composite?
False
Is 146291 a prime number?
True
Is 378969 a composite number?
True
Is 25303 a prime number?
True
Is 766633 a prime number?
False
Is 23369 a prime number?
True
Is 1053551 a composite number?
False
Is 108401 a prime number?
True
Is 8791 composite?
True
Is 15146 composite?
True
Is 2581 composite?
True
Is 83653 a prime number?
True
Is 2642345 prime?
False
Is 7711 prime?
False
Is 2851049 composite?
False
Is 4327 a composite number?
False
Is 99277 a prime number?
True
Is 111697 prime?
True
Is 39731 a composite number?
True
Is 104245 a prime number?
False
Is 380707 prime?
True
Is 1969466 composite?
True
Is 471 a composite number?
True
Is 5911 a composite number?
True
Is 15053 composite?
False
Is 18779 a prime number?
False
Is 191779 prime?
False
Is 346993 a prime number?
False
Is 24469 prime?
True
Is 112051 prime?
False
Is 858647 composite?
True
Is 98023 a composite number?
True
Is 20173 a composite number?
False
Is 20981 prime?
True
Is 127031 prime?
True
Is 2082391 prime?
True
Is 19121 a prime number?
True
Is 24233 a prime number?
False
Is 33 composite?
True
Is 1657 prime?
True
Is 641101 prime?
True
Is 361462 prime?
False
Is 79571 prime?
False
Is 4633 composite?
True
Is 58493 prime?
False
Is 19841 composite?
False
Is 10839 prime?
False
Is 179161 a composite number?
False
Is 46031 composite?
True
Is 46559 composite?
False
Is 35491 composite?
False
Is 594047 composite?
False
Is 4253 a prime number?
True
Is 995099 a composite number?
True
Is 180137 a prime number?
True
Is 558295 a composite number?
True
Is 992647 a prime number?
False
Is 48709 prime?
False
Is 60443 composite?
False
Is 1026287 composite?
True
Is 409 prime?
True
Is 11497 a composite number?
False
Is 920593 prime?
False
Is 14969 prime?
True
Is 45809 a composite number?
True
Is 7737 prime?
False
Is 18803 prime?
True
Is 694517 prime?
False
Is 5471 a composite number?
False
Is 1329 a prime number?
False
Is 88207 a composite number?
True
Is 172141 composite?
True
Is 80673 prime?
False
Is 5623 a composite number?
False
Is 15869 prime?
False
Is 53983 a composite number?
True
Is 31166 prime?
False
Is 122741 a composite number?
False
Is 72859 composite?
False
Is 9661 composite?
False
Is 135523 prime?
False
Is 360562 prime?
False
Is 11413 composite?
True
Is 192461 a prime number?
True
Is 82699 a composite number?
False
Is 26905 a prime number?
False
Is 257029 a prime number?
False
Is 263 a prime number?
True
Is 44771 composite?
False
Is 35521 composite?
False
Is 40539 composite?
True
Is 6683 a composite number?
True
Is 773503 composite?
True
Is 871553 a prime number?
True
Is 14662 a composite number?
True
Is 851 prime?
False
Is 2521 prime?
True
Is 7039 composite?
False
Is 162881 a prime number?
True
Is 425641 a composite number?
False
Is 117203 prime?
True
Is 15335 a prime number?
False
Is 4009 a composite number?
True
Is 988553 a composite number?
True
Is 119785 prime?
False
Is 1805917 prime?
False
Is 73031 a composite number?
True
Is 23173 prime?
True
Is 306991 prime?
True
Is 111157 a composite number?
True
Is 58889 composite?
False
Is 267823 a prime number?
False
Is 53393 prime?
False
Is 18949 a prime number?
False
Is 5331 composite?
True
Is 19931 prime?
False
Is 433915 composite?
True
Is 102259 a prime number?
True
Is 8637 a prime number?
False
Is 207239 a composite number?
False
Is 30421 a composite number?
True
Is 512047 composite?
False
Is 19315 prime?
False
Is 3611 composite?
True
Is 215654 a prime number?
False
Is 162807 a composite number?
True
Is 31927 a prime number?
False
Is 13705 a prime number?
False
Is 1862555 a prime number?
False
Is 95101 a composite number?
False
Is 15487 a prime number?
False
Is 14963 a composite number?
True
Is 5987 a prime number?
True
Is 4513 a composite number?
False
Is 1954741 a prime number?
True
Is 18539 a prime number?
True
Is 471 composite?
True
Is 6583 a composite number?
True
Is 21506 composite?
True
Is 1337 a prime number?
False
Is 89951 a prime number?
False
Is 182803 a composite number?
False
Is 97073 prime?
True
Is 55631 composite?
False
Is 1199761 a composite number?
True
Is 2833 prime?
True
Is 134129 prime?
True
Is 92821 prime?
True
Is 48553 a composite number?
True
Is 317 a prime number?
True
Is 39469 a composite number?
True
Is 32069 a prime number?
True
Is 809 a prime number?
True
Is 16787 composite?
False
Is 14669 a prime number?
True
Is 323521 a prime number?
False
Is 10573 a composite number?
True
Is 3269 composite?
True
Is 19571 a prime number?
True
Is 323567 prime?
True
Is 1754 prime?
False
Is 83819 a composite number?
True
Is 105863 a prime number?
True
Is 399037 a composite number?
True
Is 3109 composite?
False
Is 67094 prime?
False
Is 726029 a composite number?
True
Is 325877 a composite number?
False
Is 243073 a composite number?
False
Is 10399 prime?
True
Is 21439 a composite number?
True
Is 1165 a prime number?
False
Is 161569 a prime number?
True
Is 1092049 a composite number?
True
Is 645191 a prime number?
False
Is 201307 a prime number?
True
Is 482 a composite number?
True
Is 8161 composite?
False
Is 8003 composite?
True
Is 11513 a prime number?
False
Is 2166005 prime?
False
Is 91765 composite?
True
Is 58511 a composite number?
False
Is 541 a composite number?
False
Is 48221 a prime number?
True
Is 131873 composite?
True
Is 719 composite?
False
Is 15815 a prime number?
False
Is 1009 prime?
True
Is 56489 prime?
True
Is 319883 a prime number?
True
Is 15391 composite?
False
Is 10301 composite?
False
Is 3641 prime?
False
Is 95223 prime?
False
Is 53591 a prime number?
True
Is 537 prime?
False
Is 225683 a prime number?
True
Is 17707 a prime number?
True
Is 270667 a composite number?
False
Is 249751 a composite number?
True
Is 5138021 a prime number?
False
Is 98537 a composite number?
True
Is 72421 a prime number?
True
Is 128813 a prime number?
True
Is 61331 composite?
False
Is 3409 a prime number?
False
Is 102369 composite?
True
Is 10378 prime?
False
Is 77107 composite?
True
Is 39427 a prime number?
False
Is 53113 a composite number?
False
Is 2077 a prime number?
False
Is 10973 prime?
True
Is 1411 composite?
True
Is 1691 a prime number?
False
Is 215653 composite?
False
Is 1375609 composite?
False
Is 1333091 a prime number?
True
Is 8751 a prime number?
False
Is 1255 a prime number?
False
Is 133733 a composite number?
False
Is 176017 prime?
True
Is 1121 prime?
False
Is 345361 prime?
False
Is 9041 a prime number?
True
Is 156659 prime?
True
Is 2435395 composite?
True
Is 1270463 composite?
True
Is 226297 composite?
True
Is 57595 a prime number?
False
Is 5377 a prime number?
False
Is 11185 a composite number?
True
Is 6379 a prime number?
True
Is 15931 composite?
True
Is 7177 a prime number?
True
Is 283145 a prime number?
False
Is 3979 a composite number?
True
Is 30181 prime?
True
Is 2981639 a prime number?
False
Is 8803 a composite number?
False
Is 55763 a composite numbe